uppose 27 = 3*y - 3. Let g = y - -14. What are the prime factors of g?
2, 3
Let d = 0 - -5. Suppose -2*n - 5*o - 31 = 0, d*o + 5 + 11 = 3*n. Let m(f) = -f**3 - 3*f**2 - f + 3. What are the prime factors of m(n)?
2, 3
Let c(f) = f**3 - f**2 - 5*f - 2. List the prime factors of c(4).
2, 13
Let j = -2 - -5. Suppose -l - 6 = -j*m, -3*m - 2*m + 27 = 4*l. Suppose 22 = l*d - 14. List the prime factors of d.
2, 3
Let s(n) = -24*n - 5. Let h(f) = 6*f + 1. Let c(m) = 9*h(m) + 2*s(m). Let b be 14/6 + (-2)/6. What are the prime factors of c(b)?
11
Suppose 6 = 6*o - 4*o. Suppose o*v = -2*v + 150. What are the prime factors of v?
2, 3, 5
Let u(q) = q**2 - 7*q + 6. Let i be u(7). Suppose n = i*n - 110. Let j = -12 + n. What are the prime factors of j?
2, 5
Suppose -4*f - 5*c = -12 - 3, 0 = -4*c + 12. Let o be (-2 + 1 + f)*-2. What are the prime factors of 84/10 - o/5?
2
Let o(u) = -3*u - 1. Let g be o(-2). What are the prime factors of (-2)/g - (-24)/10?
2
Suppose 0*f = -3*f - d + 13, 13 = f - 4*d. What are the prime factors of f?
5
Let c(j) = j**2 + 3*j**2 + 4 - 10 + j**3 + 2*j**2 - 2*j. List the prime factors of c(-6).
2, 3
Suppose -2*z - 3*z = 0. Let c(k) = -k**2 + 17. Let f be c(z). What are the prime factors of (f/(-1))/(-1) - 0?
17
Let g = -6 - -67. Suppose -5*u + 5*i - 1 + g = 0, -3*i = 4*u - 13. List the prime factors of u.
7
Let a = -3 - -6. Let v(k) = k**a - 2 - 2 - 3*k**2 - k + 0. List the prime factors of v(4).
2
Suppose -133 = -4*t + 51. Suppose t + 114 = 5*g. List the prime factors of g.
2
Let p(x) = x**3 - 7*x**2 + 11*x - 17. What are the prime factors of p(7)?
2, 3, 5
Let g = 7 - -1. List the prime factors of (-150)/(-20)*g/10.
2, 3
Let x = -40 - -58. List the prime factors of x.
2, 3
Let x(t) = -t + 2. Let n be ((-4)/6)/(6/9). Let v be (2 + 12*n)/2. What are the prime factors of x(v)?
7
Let j(u) = 0*u**3 - 2*u - u**2 + 2 + 2*u**3 + 0*u**2 + u. What are the prime factors of j(2)?
2, 3
Let s = -243 - -380. What are the prime factors of s?
137
Let t = -13 - -56. What are the prime factors of t?
43
What are the prime factors of (2 - 5)/((-2)/6)?
3
Let j be 2 + -3 + (-9)/(-3). Suppose 5*k = -q + j*k + 27, 3*k + 6 = 0. What are the prime factors of q?
3, 11
Let m be 2/6*0 + 5. Let x(d) = -d**2 + 6*d. List the prime factors of x(m).
5
Let d(j) = 7*j**3 - 2*j**2 - 11*j - 3. Let i(g) = -15*g**3 + 5*g**2 + 23*g + 6. Let z(t) = 13*d(t) + 6*i(t). List the prime factors of z(-3).
3, 7
Let n = 38 - 30. List the prime factors of n.
2
Suppose p + u = 0, -2*p - 3*u = -p. Suppose g + 3 - 7 = p. What are the prime factors of g?
2
Let d be (0 - -36)/(-2) - 2. Let x = 12 + d. Let u = x - -15. List the prime factors of u.
7
Let p = -18 - -56. List the prime factors of p.
2, 19
Let m(s) = 2*s**2 + 4*s. List the prime factors of m(-3).
2, 3
Let t be 3/(-12) + 50/8. List the prime factors of (18/15)/(t/105).
3, 7
Suppose -119 = -g + 210. What are the prime factors of g?
7, 47
Suppose 0 = 4*m + 3*j - 122, -m - j + 22 + 9 = 0. What are the prime factors of m?
29
Suppose 2*n - 4*n + 1 = -5*p, 5*p + 25 = 0. Let o = 34 + -12. Let h = o + n. List the prime factors of h.
2, 5
Let h = -23 + 25. Suppose h*r + 3*p - 9 = r, -4*r + 36 = 5*p. List the prime factors of r.
3
Suppose 3 = 5*y - 17. Suppose 2 = -y*z + 10. Suppose -4*l + 66 = -0*l - z*f, 0 = 3*l + f - 37. What are the prime factors of l?
2, 7
Suppose 2*x + 30 - 210 = 0. Let u = 44 + -34. List the prime factors of x/25 - (-4)/u.
2
Let t = -66 - -82. What are the prime factors of t?
2
Let s(r) = -r + 2. Let p be s(-7). Suppose 8*i - 3*i = 0. Suppose -p = -i*z - z. List the prime factors of z.
3
Let t = -317 + 143. Let b be 4/18 + t/54. What are the prime factors of (1 + b)/((-2)/8)?
2
Let k = -180 - -316. List the prime factors of k.
2, 17
Suppose 0 = -3*a + 24 + 24. What are the prime factors of a?
2
Let z be 6 - (-1 - 2) - 1. What are the prime factors of 2/z + 14/8?
2
Suppose 23 = 4*c - 9. Let y = -1 - -1. Let f = c + y. List the prime factors of f.
2
Suppose -k + 105 = 2*k. Suppose 5*g = -0 + k. List the prime factors of g.
7
Let j(m) = m + 10. Let l be j(-7). Suppose 4*v + 99 = 5*y, 3*y = 2*y - l*v + 16. What are the prime factors of y?
19
Suppose b = -6*l + l + 59, -4*l - 3*b + 56 = 0. Suppose p - l = 2. What are the prime factors of p?
13
Suppose -2*r + 0*r + 43 = i, -5*i = -2*r + 73. List the prime factors of r.
2, 3
Let b = -1 + 0. List the prime factors of 5*22/(-5)*b.
2, 11
Let m(y) = y + 11. Let w be m(-8). Suppose -c - 13 = -3*d, c - 17 = -w*d - 0*d. Suppose 8 = -x + d*x. What are the prime factors of x?
2
Let m = -50 + 329. What are the prime factors of m?
3, 31
Suppose -x + 0*x = -92. Suppose 5*a - x = z, -3*a - 3*z + 48 = -0*z. What are the prime factors of a?
2, 3
Let h be (2/(-6))/((-2)/30). Let s(j) = -j**2 - 7*j - 5. Let p be s(-5). Suppose -40 - h = -p*w. List the prime factors of w.
3
Let t(n) be the first derivative of n**3/3 + n - 1. What are the prime factors of t(1)?
2
Let z = -17 - -25. List the prime factors of 1/((-22)/z - -3).
2
Let m(q) = q**3 - 8*q**2 - 9*q + 5. Let l be m(9). Suppose 0 = 5*j - i + 2 - 6, l*i = 3*j - 20. Suppose j = -o - 3*o + 20. What are the prime factors of o?
5
Let n(l) = l**2 + 10*l - 6. Let q be n(-11). Suppose 4 + 21 = q*i. List the prime factors of i.
5
Suppose 0 = -y + 3 + 10. Suppose y = l + n, 3*l - n - 31 = 24. List the prime factors of l.
17
Let r = 30 - 4. Let m = r - 2. What are the prime factors of m?
2, 3
Let c(r) = -145*r**3 - 3*r**2 + 1. List the prime factors of c(-1).
11, 13
List the prime factors of (-135 - -1)*14/(-28).
67
Let q be (-1 - -2) + 3 + -1. Suppose m = -m + 4*r - 8, 4*m + q*r - 6 = 0. Suppose 4*z + d - 15 = m, 4*z - 3*d = -6*d + 13. List the prime factors of z.
2
Let a = -3 + 5. Suppose -x + 4*x = d - 8, 0 = a*d - 4*x - 12. What are the prime factors of d?
2
Let b = 8 + -13. Let t = b - -10. List the prime factors of t.
5
Let c(h) = -h**3 + 4*h**2 + 5*h + 2. Let z be c(5). Suppose -o - z*b = -4*o - 61, 4*o = b - 83. Let t = o + 31. List the prime factors of t.
2, 5
Let c(q) = 2*q**2 + q - 4. Let o be c(-4). What are the prime factors of o/14*(-1 + 15)?
2, 3
Let r = 8 - -15. What are the prime factors of r?
23
Let p = 60 - 29. What are the prime factors of p?
31
Suppose -4*v + 14 = -330. List the prime factors of v.
2, 43
List the prime factors of 3/(12/(-848)*-4).
53
Suppose 3*p = -4*p + 525. List the prime factors of p.
3, 5
Let i(w) = -4*w**2 + 3*w**2 + 9 - 4*w - 7*w. List the prime factors of i(-11).
3
Let x(v) = 14*v. Let i be x(1). Let a = i + 20. Suppose 5*y - u - a - 10 = 0, -5*u + 5 = 0. What are the prime factors of y?
3
Let g = -33 + 4. Let s = g - -55. List the prime factors of s.
2, 13
Suppose -3*v + 4*g + g + 4 = 0, 48 = 5*v + 2*g. Suppose 0 = 4*j - 8, -9 - v = -3*d + 5*j. What are the prime factors of d?
3
Suppose -d + 2 - 6 = 0. Let p(s) = s**3 + 3*s**2 - s + 2. Let a be p(d). Let n = -1 - a. What are the prime factors of n?
3
Let x = 5 - 5. Suppose x = -d + 6 - 3. Suppose -f = d - 15. What are the prime factors of f?
2, 3
Let r = -14 - -36. List the prime factors of r.
2, 11
Suppose 2*h + h - 3*v = 438, 4*h + 2*v = 614. What are the prime factors of h?
151
Suppose -3*h = 3 - 12. Let f(m) = m**3 - 5*m**2 + 3*m + 4. Let l be f(h). List the prime factors of (0 - -10) + 2 + l.
7
Let y(z) = 3*z**2 - 2*z - 1. Let b be y(-3). Suppose 2*f + 2*f = b. List the prime factors of 31/2 + (-4)/f.
3, 5
Let r(z) = -z**3 - 7*z**2 - 4*z + 7. Let g be r(-6). Let q = g - -5. Suppose f - 5 = -q*f. What are the prime factors of f?
5
Let q = 42 + -19. List the prime factors of q.
23
Let f be 1/(-2)*-2*2. Suppose -40 = -f*v - 12. What are the prime factors of v?
2, 7
Suppose 5*b = -5*j - 5, -b + 6 = -5*j + 1. Let o(y) = 4*y - 9. Let p(t) = -3*t + 9. Let i(s) = 4*o(s) + 5*p(s). List the prime factors of i(b).
3
Let b = 3 - 3. Suppose 5 = -r - b. What are the prime factors of (r/2)/((-3)/18)?
3, 5
Let l(j) be the first derivative of 3*j + 1/2*j**2 - 3. List the prime factors of l(6).
3
Let g = 19 - 10. Let i = -4 + 5. Let k = g + i. List the prime factors of k.
2, 5
Let i be (1/(-3))/((-1)/6). Suppose -7*k + i*k = -4*z - 18, -4*z + 2*k = 12. List the prime factors of (20/(-25))/(z/35).
2, 7
Let u be 50/8 - (-6)/8. Let l = u + -6. What are the p